uppose h - 63650 = d, 0 = 5*h - 2*h - 5*d - 190956. Is h prime?
True
Suppose -30668 = 26*x - 43*x. Let s = 8709 + x. Is s composite?
False
Suppose -4*f + 0*v + 1055 = 5*v, 532 = 2*f + 4*v. Suppose 0 = n + 2*r - f, -5*n - 1025 = -9*n - 3*r. Suppose 4*z = n - 66. Is z prime?
True
Let k be -4 + 2 - -234883 - (-10 + 6). Suppose 0 = -32*n + 47*n - k. Is n a prime number?
False
Suppose -a = -b + 8389, -25152 = -4*b + b - 2*a. Let k = b - 5644. Suppose s + k = 3*s. Is s prime?
False
Let d be (-48)/(-36)*(0 + 6). Suppose -5*i + 16 = 2*n, -4*n + i + 2 = -d. Is 28 + 9*1/n a prime number?
True
Let w(n) = -n**2 + 9*n + 256. Let u be w(0). Is 26091/5 - u/(-320) a composite number?
True
Suppose f = -f - 6, -96 = -3*q - f. Let y(o) = o**3 - 29*o**2 + 8*o + 7. Is y(q) composite?
True
Suppose 4*r = -3*l + 168124, 8630 = -r - 2*l + 50661. Is r prime?
False
Let r(g) = 918*g**2 + 15*g + 4. Is r(-3) a composite number?
False
Let q(r) = 236*r**3 + r**2 + 3*r - 1. Let k be q(3). Suppose -8*j = -7*j - k. Is j a prime number?
True
Is -12 - (-454071)/(-12)*-4 prime?
False
Let s = 3 + -4. Let y(m) = 5730*m**2 + 10*m + 9. Is y(s) a prime number?
False
Suppose -102*w - 930015 + 431691 + 3092490 = 0. Is w a prime number?
False
Suppose 0 = -2*z - 3 - 5. Let j be (2/(-6)*z)/((-44)/(-66)). Suppose 1378 = j*l - v, -5*v - 1362 = l - 3*l. Is l prime?
True
Let s be 330/(-132)*((-16)/(-5))/(-2). Suppose 5*q - 21 = s, -q - 766 = -h. Is h a composite number?
True
Suppose -55*x = -9*x - 1933769 - 382745. Is x composite?
False
Suppose -3*b + 99729 = 2*a, 28155 = 2*b + 10*a - 38279. Is b a prime number?
True
Suppose 5*u - 4 = 16. Suppose -2*p - f = 151, -6*p = -p + u*f + 376. Let o = p + 131. Is o a composite number?
True
Let z = -3323 - -1629. Let o = z + 3915. Is o a prime number?
True
Suppose -174*c + 75*c = 73*c - 23524268. Is c a composite number?
False
Let s(d) = 19*d**2 + 4*d + 10. Let p(c) = 21*c**2 + 4*c + 9. Let i(l) = -3*p(l) + 4*s(l). Is i(6) a prime number?
False
Let w(i) = 231*i - 114. Let y be w(11). Suppose -3*k + 3*u = -u - 7291, k - y = 2*u. Is k a prime number?
True
Is 4/((17257056/(-14381040))/(1/5) + 6) prime?
True
Suppose k + 2*j = -4956, -22398 - 2412 = 5*k + 4*j. Is 10/(-30) - (-2 + k/3) a prime number?
True
Suppose 328 = -2*r + 316, 0 = -2*d + 2*r + 541030. Is d a prime number?
True
Let i(y) = -y**2 - 6*y + 3. Let z be i(-6). Let a(k) = -10*k**2 - 8*k**2 + 5*k**z - 1 - 4*k + 17*k**2 + 2*k. Is a(3) prime?
False
Suppose -330*r + 344*r + 42 = 0. Is (5 + r)*(-21)/7 + 6253 a composite number?
False
Suppose 12*r + 4*j - 93181 = 9*r, r + j = 31061. Is r composite?
False
Suppose 897722 = 239*k - 225*k. Is k a prime number?
True
Let i(r) = r**3 + 15*r**2 + 21*r + 6. Let l be i(-14). Let h = -46 - l. Let u = 31 + h. Is u a prime number?
False
Suppose 0 = -32*z - 12375 + 75191. Is z composite?
True
Let z(f) = -f**3 - 38*f**2 - 76*f - 8. Let r be z(-61). Suppose -r = -13*x - 10352. Is x prime?
True
Let u = -29 + 14. Let t = -1441 + 767. Is t*(0 - u/(-10)) a composite number?
True
Suppose 4*y = -j + 19, -4*y + 0*j + 22 = -2*j. Suppose 6 = -2*m, i + 4*i + 5*m + y = 0. Is ((-4)/2 + -64)*i/(-4) prime?
False
Let h(z) = z**3 + 8*z**2 + 3*z + 16. Let n be h(-4). Suppose 0 = -n*u + 66*u + 894. Is u a composite number?
True
Let b(n) = 36*n**2 + 15*n + 41. Let t be (-3*1)/((-9)/(-30)). Is b(t) composite?
False
Let x(g) = g**3 - 9*g**2 + 13*g + 10. Suppose -19*b + 23*b - 36 = 0. Is x(b) a prime number?
True
Let w(h) = 157*h - 27. Suppose 5*m - 22 = -3*q, 7*m - 3*m = -5*q + 15. Suppose -a = -3*t + 2, 5*a + m*t - 89 + 19 = 0. Is w(a) prime?
True
Let y = 265214 + -179803. Is y a prime number?
True
Suppose 3*m = 0, 5*u + m - 135 = 3*m. Suppose -12114 = -u*i + 9*i. Is i prime?
True
Let o = -427 - -430. Suppose -4*k + 39581 = o*p, -k - 4*p + 9889 = -2*p. Is k a composite number?
True
Let t be (1 - 1)/((-42)/(-23 + 9)). Let b(p) = 206 - 77 - p**2 + 62. Is b(t) prime?
True
Let j(s) = s**2 + 10*s - 29. Let i be j(-13). Let l = 23086 + -8302. Suppose -9746 = -i*o + l. Is o composite?
True
Let a be (25/(-10))/(6/(-28) - (-34)/(-119)). Let f(t) = 4*t**2 + 2*t + 4. Let x be f(-5). Suppose m + 0*n - x = a*n, -2*n + 389 = 5*m. Is m prime?
True
Suppose 0 = -x - 0*x - n + 1229, 2*x - 2*n = 2438. Suppose -1238 = -3*b - 2*r - 321, 0 = -4*b - 3*r + x. Let l = b - 146. Is l composite?
False
Suppose -2 = -o - 4. Let x(w) = -167*w**3 - w**2 + 8*w + 1. Is x(o) prime?
False
Let n be 18/((10/(-5))/(-44)). Let i be ((-1)/2 - (-3)/2) + n. Is (4 + -1)*(i/3 + -5) prime?
False
Suppose 14*t + 12*t - 260 = 0. Suppose -t*d = -2*d - 6968. Is d prime?
False
Let i = -331 + 327. Is 12/((-6)/1)*14698/i composite?
False
Suppose -3*y + 18*o + 657483 = 15*o, 2*y = 5*o + 438334. Is y prime?
False
Is (-1 - -69)*1695/2 + 7 a composite number?
False
Is -7 + ((-7740)/(-2))/15 prime?
True
Let g(c) = 60*c**2 + 4. Let p be g(-3). Suppose p*l - 474475 = 539*l. Is l prime?
False
Let d(n) = 931*n - 71. Let a be 5/(-4)*(-3 + -5). Is d(a) prime?
True
Let v(q) = -77*q**3 - 27*q**2 - 69*q + 94. Is v(-15) composite?
False
Let w(d) be the first derivative of -d**7/280 + d**6/360 + d**5/120 + d**4/4 + 23*d**3/3 + 7. Let l(n) be the third derivative of w(n). Is l(-7) prime?
False
Let o(b) = 65*b - 5. Let v(q) = 195*q - 13. Let u(m) = -17*o(m) + 6*v(m). Is u(12) a prime number?
True
Suppose t - 219 = z, -4*z - 344 = 5*t - 1475. Let w = t - -273. Suppose 0 = 2*n - 7474 - w. Is n composite?
True
Suppose 79729 + 26109 = 2*k. Is k a prime number?
True
Suppose 0 = -16*a + 669061 + 2114534 - 412507. Is a prime?
True
Suppose 47748*p - 47745*p - 403581 = 0. Is p a composite number?
True
Suppose 2*y + 42 = 5*g + 6*y, -3*y + 9 = 0. Is 3/g + (-10550)/(-4) prime?
False
Is ((-454587)/(-3))/(-12 + (-5 - -16))*-1 a composite number?
True
Suppose -10 = 5*k, 4*w + 5*k = -0*k + 90. Let z be w/15 - (-1)/3. Suppose z*v - 2*u + 7*u = 4077, 5*v - 10240 = -3*u. Is v prime?
False
Let n be -3*(-4)/(-30) - 196396/10. Is (2/8)/(5*(-2)/n) a prime number?
True
Let n(j) = 16*j**2 - 9*j + 28. Let w be n(-12). Suppose 0 = -2*z - 3*r - 3570, -2*z - w = -3*r + 1118. Let m = z + 3143. Is m a composite number?
False
Suppose 3712932 = 6*o + 55*o + 47*o. Is o a composite number?
True
Suppose -c - 36130 + 2337106 = 4*z, -z = 3*c - 575255. Is z a prime number?
True
Suppose 0 = -18*a - 11*a - 174. Is (-4)/a*25812/24 a prime number?
False
Suppose 3*p - 5*q - 800909 - 482398 = 0, -4*q - 24 = 0. Is p a composite number?
True
Suppose -10*j = -x - 6*j + 16, x - 5*j = 21. Is (-6)/x*(-12)/18 + 1904 prime?
False
Suppose 0 = -4*a - 8, -a = -5*n + 4*a + 5350. Suppose 6*m + 6*m - n = 0. Suppose -2*i = 5*b - m, -3*i - i - 3*b = -213. Is i a prime number?
False
Suppose 11*a - 34786 - 110959 = -41388. Is a prime?
False
Let w(m) = -m**2 - 14*m + 35. Let d be w(-16). Suppose -d*z = -x - 1780 + 13128, z = 1. Is x prime?
True
Suppose 7*o - 18 = o. Suppose -25*c = -t - 24*c + 9229, 4*t = o*c + 36914. Is t a composite number?
False
Let c(i) = 4*i**2 - 2*i - 2. Let w be c(2). Suppose -14 = -w*u + 3*u. Is u/6*-3*-397 a prime number?
True
Let z be (2060 - -2)*1/(-2). Let x = 308 + z. Is ((-5)/(-3))/((-1)/x) composite?
True
Let j(l) = 272*l**2 - 2*l + 3. Suppose 5 = -27*n + 28*n. Suppose -2*o + n = 1. Is j(o) prime?
True
Let q be 6/4 + ((-2709)/(-6))/7. Let u = q - 60. Let v(b) = 11*b**2 - 2*b - 2. Is v(u) composite?
True
Let h = 76340 + -44523. Is h a composite number?
False
Let n(h) = h**3 - 8*h**2 + 20*h + 7. Let l(p) = 3*p + 73. Let m be l(-22). Let s be n(m). Let g = s - -557. Is g composite?
True
Let z = 464 + -468. Is (3 + -6)*(z + 17540/(-12)) composite?
False
Is (-3156051)/(-13) - 116/754 a composite number?
False
Let z(p) = -p**3 + 13*p**2 - 12*p + 4. Let b be z(12). Suppose b*k + 2*k = -12240. Is (-2)/14 + k/(-21) a composite number?
False
Let y(r) = 139*r - 95. Let o = 137 - 131. Is y(o) a composite number?
False
Is (2 - -204 - 4)*65652/24 a prime number?
False
Let g(c) be the first derivative of 5103*c**4 + c**3/3 - 5*c**2/2 + 3*c - 204. Is g(1) composite?
False
Let j(m) = 33*m**2 + 119*m + 343. Is j(-75) a prime number?
True
Let s = 860 - 159. Suppose -6*w + 1895 = s. Is w a composite number?
False
Let j = 141 + -111. Let i be 5/(j/28) + 8/(-12). Suppose 0*w - i*o - 1632 = -4*w, -3*w + 122